{"id":22,"date":"2025-01-06T10:35:24","date_gmt":"2025-01-06T10:35:24","guid":{"rendered":"https:\/\/soca-root-spirit.com\/wordpress\/?page_id=22"},"modified":"2025-08-29T11:58:29","modified_gmt":"2025-08-29T11:58:29","slug":"home","status":"publish","type":"page","link":"https:\/\/soca-root-spirit.com\/wordpress\/","title":{"rendered":"HOME"},"content":{"rendered":"<p><img loading=\"lazy\" decoding=\"async\" class=\"wp-image-28 size-large alignleft\" src=\"https:\/\/soca-root-spirit.com\/wordpress\/wp-content\/uploads\/2025\/01\/Erik-1020x1024.jpg\" alt=\"\" width=\"640\" height=\"643\" \/>\u017de od malih nog sem bil kot fant tesno povezan z na\u0161o smaragdno reko So\u010do. Ko sem se nekega dne sprehajal ob njej, sem zagledal leseno naplavino, ki mi je dala navdih in v trenutku spremenila \u017eivljenje. Tem naplavinam, ki so obsojene na propad, da zgnijejo v vodi in kon\u010dajo svoje poslanstvo, sem vdihnil novo \u017eivljenje. Tako so postale unikaten ali uporaben predmet, ki va\u0161emu domu doprinese nekaj posebnega.<img loading=\"lazy\" decoding=\"async\" class=\"size-medium wp-image-169 alignright\" src=\"https:\/\/soca-root-spirit.com\/wordpress\/wp-content\/uploads\/2025\/08\/1000014693-300x143.jpg\" alt=\"\" width=\"300\" height=\"143\" srcset=\"https:\/\/soca-root-spirit.com\/wordpress\/wp-content\/uploads\/2025\/08\/1000014693-300x143.jpg 300w, https:\/\/soca-root-spirit.com\/wordpress\/wp-content\/uploads\/2025\/08\/1000014693-768x366.jpg 768w, https:\/\/soca-root-spirit.com\/wordpress\/wp-content\/uploads\/2025\/08\/1000014693.jpg 1000w\" sizes=\"auto, (max-width: 300px) 100vw, 300px\" \/><\/p>\n<p><span class=\"html-span xdj266r x11i5rnm xat24cr x1mh8g0r xexx8yu x4uap5 x18d9i69 xkhd6sd x1hl2dhg x16tdsg8 x1vvkbs x4k7w5x x1h91t0o x1h9r5lt x1jfb8zj xv2umb2 x1beo9mf xaigb6o x12ejxvf x3igimt xarpa2k xedcshv x1lytzrv x1t2pt76 x7ja8zs x1qrby5j\"><span class=\"x193iq5w xeuugli x13faqbe x1vvkbs x1xmvt09 x1lliihq x1s928wv xhkezso x1gmr53x x1cpjm7i x1fgarty x1943h6x xudqn12 x3x7a5m x6prxxf xvq8zen xo1l8bm xzsf02u\" dir=\"auto\">&#8220;Veliko ljudi mi je reklo, da sem umetnik, a jaz se ne \u0161tejem mednje. Zame je pravi umetnik narava. Meni je bil le dan \u010dut in uvid, kako iz umetnin narave preoblikovati in ustvariti \u010dudovite unikatne stvaritve.&#8221;<\/span><\/span><\/p>\n<p><img loading=\"lazy\" decoding=\"async\" class=\"wp-image-44 alignright\" src=\"https:\/\/soca-root-spirit.com\/wordpress\/wp-content\/uploads\/2025\/01\/soca-logo_Z-e1736168033948.png\" alt=\"\" width=\"200\" height=\"145\" \/><\/p>\n<p>Moja \u017eivljenjska sopotnica pa je v \u010dasu te\u017eke bolezni na\u0161la uteho ob So\u010di, z meditacijo in nabiranjem so\u0161kih prodnikov. Iz njih nastajajo \u010dudovite slike.<\/p>\n<p>V zadnjih letih sem pridobil \u0161tevilne ve\u0161\u010dine, znanja in orodja, s katerimi lahko pripomorem k bolj\u0161emu po\u010dutju posameznika. Veliko sem se nau\u010dil od razli\u010dnih u\u010diteljev in mojstrov, ki so mi predali svoja znanja. Vsa so med seboj sorodna, zato sem jih povezal in prepletel, kot so prepletene korenine, ki spreminjajo tok mojega \u017eivljenja.<\/p>\n<p>Ker rad delam z ljudmi in za ljudi, sem to vpletel v turisti\u010dno ponudbo. Zavedam se, da so na\u0161i kraji skriti biser, ki ga lahko skupaj predstavimo tistim, ki spo\u0161tujejo naravo, znajo prisluhniti miru, ki ga ponuja, in se tako poglobijo vase.<\/p>\n<div id='gallery-1' class='gallery galleryid-22 gallery-columns-4 gallery-size-thumbnail'><figure class='gallery-item'>\n\t\t\t<div class='gallery-icon portrait'>\n\t\t\t\t<a href='https:\/\/soca-root-spirit.com\/wordpress\/wp-content\/uploads\/2025\/05\/Screenshot_20250205_175316_Facebook.jpg'><img loading=\"lazy\" decoding=\"async\" width=\"150\" height=\"150\" src=\"https:\/\/soca-root-spirit.com\/wordpress\/wp-content\/uploads\/2025\/05\/Screenshot_20250205_175316_Facebook-150x150.jpg\" class=\"attachment-thumbnail size-thumbnail\" alt=\"\" srcset=\"https:\/\/soca-root-spirit.com\/wordpress\/wp-content\/uploads\/2025\/05\/Screenshot_20250205_175316_Facebook-150x150.jpg 150w, https:\/\/soca-root-spirit.com\/wordpress\/wp-content\/uploads\/2025\/05\/Screenshot_20250205_175316_Facebook-370x370.jpg 370w\" sizes=\"auto, (max-width: 150px) 100vw, 150px\" \/><\/a>\n\t\t\t<\/div><\/figure><figure class='gallery-item'>\n\t\t\t<div class='gallery-icon landscape'>\n\t\t\t\t<a href='https:\/\/soca-root-spirit.com\/wordpress\/wp-content\/uploads\/2025\/05\/Screenshot_20250205_175226_Facebook.jpg'><img loading=\"lazy\" decoding=\"async\" width=\"150\" height=\"150\" src=\"https:\/\/soca-root-spirit.com\/wordpress\/wp-content\/uploads\/2025\/05\/Screenshot_20250205_175226_Facebook-150x150.jpg\" class=\"attachment-thumbnail size-thumbnail\" alt=\"\" \/><\/a>\n\t\t\t<\/div><\/figure><figure class='gallery-item'>\n\t\t\t<div class='gallery-icon landscape'>\n\t\t\t\t<a href='https:\/\/soca-root-spirit.com\/wordpress\/wp-content\/uploads\/2025\/05\/Screenshot_20250205_175240_Facebook.jpg'><img loading=\"lazy\" decoding=\"async\" width=\"150\" height=\"150\" src=\"https:\/\/soca-root-spirit.com\/wordpress\/wp-content\/uploads\/2025\/05\/Screenshot_20250205_175240_Facebook-150x150.jpg\" class=\"attachment-thumbnail size-thumbnail\" alt=\"\" \/><\/a>\n\t\t\t<\/div><\/figure><figure class='gallery-item'>\n\t\t\t<div class='gallery-icon landscape'>\n\t\t\t\t<a href='https:\/\/soca-root-spirit.com\/wordpress\/wp-content\/uploads\/2025\/05\/Screenshot_20250205_175231_Facebook.jpg'><img loading=\"lazy\" decoding=\"async\" width=\"150\" height=\"150\" src=\"https:\/\/soca-root-spirit.com\/wordpress\/wp-content\/uploads\/2025\/05\/Screenshot_20250205_175231_Facebook-150x150.jpg\" class=\"attachment-thumbnail size-thumbnail\" alt=\"\" \/><\/a>\n\t\t\t<\/div><\/figure>\n\t\t<\/div>\n\n<h2>So\u010da Root Spirit ponuja:<\/h2>\n<ul>\n<li><a title=\"Izdelki iz lesenih naplavin za doma\u010do uporabo ali dekoracijo\" href=\"#izdelki\">Izdelke iz lesenih naplavin za doma\u010do uporabo ali dekoracijo<\/a><\/li>\n<li><a title=\"Slike iz so\u0161kih prodnikov\" href=\"#slike\">Slike iz so\u0161kih prodnikov<\/a><\/li>\n<li><a title=\"Vodene izlete s SUP deskami po reki So\u010di\" href=\"#sup\">Rent SUP desk<\/a><\/li>\n<\/ul>\n<p><strong>KONTAKT:<\/strong><br \/>\n+386 70 824 081<br \/>\n<span class=\"gI\"><span class=\"qu\" tabindex=\"-1\" role=\"gridcell\" translate=\"no\"><span class=\"go\">erik.de.posarelli@gmail.com<\/span><\/span><\/span><\/p>\n","protected":false},"excerpt":{"rendered":"<p>\u017de od malih nog sem bil kot fant tesno povezan z na\u0161o smaragdno reko So\u010do. Ko sem se nekega dne sprehajal ob njej, sem zagledal leseno naplavino, ki mi je dala navdih in v trenutku spremenila \u017eivljenje. Tem naplavinam, ki so obsojene na propad, da zgnijejo v vodi in kon\u010dajo svoje poslanstvo, sem vdihnil novo \u017eivljenje. Tako so postale unikaten ali uporaben predmet, ki va\u0161emu domu doprinese nekaj posebnega. &#8220;Veliko<\/p>\n<div class=\"read-more\"><a class=\"btn read-more-btn\" href=\"https:\/\/soca-root-spirit.com\/wordpress\/\">Read More<\/a><\/div>\n","protected":false},"author":1,"featured_media":0,"parent":0,"menu_order":0,"comment_status":"closed","ping_status":"closed","template":"","meta":{"footnotes":""},"class_list":["post-22","page","type-page","status-publish","hentry"],"_links":{"self":[{"href":"https:\/\/soca-root-spirit.com\/wordpress\/index.php\/wp-json\/wp\/v2\/pages\/22","targetHints":{"allow":["GET"]}}],"collection":[{"href":"https:\/\/soca-root-spirit.com\/wordpress\/index.php\/wp-json\/wp\/v2\/pages"}],"about":[{"href":"https:\/\/soca-root-spirit.com\/wordpress\/index.php\/wp-json\/wp\/v2\/types\/page"}],"author":[{"embeddable":true,"href":"https:\/\/soca-root-spirit.com\/wordpress\/index.php\/wp-json\/wp\/v2\/users\/1"}],"replies":[{"embeddable":true,"href":"https:\/\/soca-root-spirit.com\/wordpress\/index.php\/wp-json\/wp\/v2\/comments?post=22"}],"version-history":[{"count":23,"href":"https:\/\/soca-root-spirit.com\/wordpress\/index.php\/wp-json\/wp\/v2\/pages\/22\/revisions"}],"predecessor-version":[{"id":183,"href":"https:\/\/soca-root-spirit.com\/wordpress\/index.php\/wp-json\/wp\/v2\/pages\/22\/revisions\/183"}],"wp:attachment":[{"href":"https:\/\/soca-root-spirit.com\/wordpress\/index.php\/wp-json\/wp\/v2\/media?parent=22"}],"curies":[{"name":"wp","href":"https:\/\/api.w.org\/{rel}","templated":true}]}}